mainder when 12997488 is divided by 173.
171
What is the remainder when 1361337 is divided by 7920?
7017
What is the remainder when 967471 is divided by 13437?
7
What is the remainder when 281696 is divided by 525?
296
Calculate the remainder when 1997637 is divided by 248.
245
What is the remainder when 146936 is divided by 20953?
265
Calculate the remainder when 22295 is divided by 4416.
215
What is the remainder when 88405 is divided by 88405?
0
What is the remainder when 2649160 is divided by 4843?
39
Calculate the remainder when 1898871 is divided by 379772.
11
What is the remainder when 899397 is divided by 39?
18
What is the remainder when 66944951 is divided by 4917?
4913
What is the remainder when 469591 is divided by 142?
139
What is the remainder when 250395 is divided by 24933?
1065
What is the remainder when 2098354 is divided by 1049128?
98
What is the remainder when 940250 is divided by 187959?
455
What is the remainder when 1582215 is divided by 2216?
2207
What is the remainder when 205883 is divided by 3743?
18
Calculate the remainder when 501775 is divided by 100352.
15
Calculate the remainder when 1343206 is divided by 36.
10
Calculate the remainder when 3226338 is divided by 661.
658
What is the remainder when 395818852 is divided by 15?
7
Calculate the remainder when 138862 is divided by 27534.
1192
What is the remainder when 11627221 is divided by 14?
11
What is the remainder when 7623247 is divided by 4637?
19
Calculate the remainder when 523242 is divided by 775.
117
Calculate the remainder when 252300 is divided by 358.
268
What is the remainder when 11762327 is divided by 310?
307
What is the remainder when 148604 is divided by 167?
141
What is the remainder when 768579 is divided by 9042?
9
What is the remainder when 1619450 is divided by 6?
2
What is the remainder when 225112 is divided by 53509?
11076
Calculate the remainder when 5045936 is divided by 3561.
3560
Calculate the remainder when 19588869 is divided by 1676.
1457
What is the remainder when 51688257 is divided by 108?
105
Calculate the remainder when 60882738 is divided by 60882719.
19
Calculate the remainder when 416128962 is divided by 105.
102
What is the remainder when 60629 is divided by 758?
747
What is the remainder when 157852 is divided by 31561?
47
What is the remainder when 8026079 is divided by 211212?
23
What is the remainder when 300517864 is divided by 75129466?
0
Calculate the remainder when 5196632 is divided by 258.
254
Calculate the remainder when 6757748 is divided by 86.
40
Calculate the remainder when 11715095 is divided by 228.
227
What is the remainder when 628176 is divided by 4244?
64
What is the remainder when 142433 is divided by 6186?
155
What is the remainder when 5249736 is divided by 619?
616
What is the remainder when 1234437 is divided by 308599?
41
What is the remainder when 625148 is divided by 264?
260
What is the remainder when 27957373 is divided by 1723?
1698
What is the remainder when 577015 is divided by 935?
120
Calculate the remainder when 5478705 is divided by 5478551.
154
Calculate the remainder when 207687 is divided by 335.
322
What is the remainder when 4877438 is divided by 14?
6
What is the remainder when 41249 is divided by 124?
81
Calculate the remainder when 828850 is divided by 27.
4
Calculate the remainder when 621007 is divided by 9128.
303
Calculate the remainder when 13575757 is divided by 430.
227
What is the remainder when 162531 is divided by 1846?
83
What is the remainder when 2296488 is divided by 7?
5
What is the remainder when 1991021 is divided by 3031?
2685
Calculate the remainder when 21041720 is divided by 759.
722
What is the remainder when 11493 is divided by 1317?
957
What is the remainder when 33857416 is divided by 42?
40
Calculate the remainder when 3206525 is divided by 100195.
285
What is the remainder when 1849298 is divided by 2247?
17
Calculate the remainder when 929841 is divided by 44278.
3
What is the remainder when 814925 is divided by 1121?
1079
What is the remainder when 589500 is divided by 19649?
30
Calculate the remainder when 15974494 is divided by 216.
214
What is the remainder when 1433106 is divided by 78?
12
Calculate the remainder when 5005721 is divided by 848.
825
Calculate the remainder when 46522 is divided by 1732.
1490
What is the remainder when 104497 is divided by 920?
537
Calculate the remainder when 735020 is divided by 2785.
2565
Calculate the remainder when 9856004 is divided by 4927992.
20
Calculate the remainder when 625813 is divided by 19553.
117
Calculate the remainder when 111436 is divided by 3842.
18
Calculate the remainder when 643 is divided by 577.
66
Calculate the remainder when 124270465 is divided by 2357.
2354
What is the remainder when 669985 is divided by 111620?
265
Calculate the remainder when 343646 is divided by 44.
6
What is the remainder when 218629 is divided by 36398?
241
Calculate the remainder when 811429 is divided by 62413.
60
What is the remainder when 1848158 is divided by 16650?
8
Calculate the remainder when 24855028 is divided by 91.
16
What is the remainder when 70851 is divided by 117?
66
Calculate the remainder when 67807383 is divided by 235.
13
Calculate the remainder when 632951 is divided by 125.
76
What is the remainder when 93722 is divided by 23154?
1106
What is the remainder when 166069 is divided by 166013?
56
Calculate the remainder when 49986 is divided by 1313.
92
Calculate the remainder when 159790 is divided by 202.
8
What is the remainder when 582683 is divided by 51?
8
What is the remainder when 140480884 is divided by 163?
149
What is the remainder when 363985 is divided by 4736?
4049
What is the remainder when 509138 is divided by 84850?
38
Calculate the remainder when 9505 is divided by 4549.
407
What is the remainder when 3209073 is divided by 1126?
1099
Calculate the remainder when 4754891 is divided by 18794.
9
What is the remainder when 1994524 is divided by 76712?
12
Calculate the remainder when 130950 is divided by 130832.
118
What is the remainder when 52679 is divided by 727?
335
What is the remainder when 58989840 is divided by 33?
30
What is the remainder when 13961905 is divided by 894?
307
What is the remainder when 1138543 is divided by 623?
322
What is the remainder when 988302 is divided by 2873?
2863
What is the remainder when 13445494 is divided by 1342?
1338
Calculate the remainder when 85318675 is divided by 645.
10
Calculate the remainder when 263865521 is divided by 52.
49
What is the remainder when 3219161 is divided by 1066?
907
Calculate the remainder when 12339 is divided by 411.
9
What is the remainder when 470239 is divided by 117558?
7
Calculate the remainder when 741298 is divided by 369944.
1410
What is the remainder when 2584282 is divided by 861139?
865
Calculate the remainder when 2263838 is divided by 161690.
178
Calculate the remainder when 6909 is divided by 270.
159
Calculate the remainder when 485603 is divided by 242603.
397
Calculate the remainder when 987276 is divided by 138.
24
Calculate the remainder when 27480 is divided by 3787.
971
What is the remainder when 8340175 is divided by 220?
195
What is the remainder when 107120 is divided by 495?
200
Calculate the remainder when 35791459 is divided by 14.
11
What is the remainder when 9641024 is divided by 39351?
29
Calculate the remainder when 2321315 is divided by 35170.
95
Calculate the remainder when 638197 is divided by 1939.
266
What is the remainder when 17610248 is divided by 26?
6
What is the remainder when 1227783 is divided by 409194?
201
What is the remainder when 5329623 is divided by 175?
173
Calculate the remainder when 101944662 is divided by 488.
486
What is the remainder when 69654878 is divided by 21?
20
Calculate the remainder when 4855 is divided by 3991.
864
Calculate the remainder when 24125 is divided by 134.
5
What is the remainder when 20693657 is divided by 1180?
1177
What is the remainder when 68291 is divided by 67708?
583
What is the remainder when 4657557 is divided by 5?
2
Calculate the remainder when 825694 is divided by 723.
28
Calculate the remainder when 1519994 is divided by 6909.
14
What is the remainder when 4897838 is divided by 80?
78
What is the remainder wh